{"id":125,"date":"2020-02-20T13:42:30","date_gmt":"2020-02-20T13:42:30","guid":{"rendered":"https:\/\/jcm.honeyguide.net\/?page_id=125"},"modified":"2021-07-29T15:08:34","modified_gmt":"2021-07-29T13:08:34","slug":"der-judische-rekonstruktionismus","status":"publish","type":"page","link":"https:\/\/jg-michelsberg.com\/index.php\/der-judische-rekonstruktionismus\/","title":{"rendered":"Der J\u00fcdische Rekonstruktionismus"},"content":{"rendered":"\n<p>Rekonstruktionisten definieren das Judentum als eine sich entwickelnde Zivilisation, die Religion, Geschichte, Literatur, Kunst und Musik, Land und Sprache umfasst.<\/p>\n\n\n\n<p>Unsere Tradition spiegelt die Suche unserer Vorfahren nach Sinn, Zweck und Wert wider. Bei unserer eigenen Suche sind wir egalit\u00e4r, partizipativ und offen f\u00fcr unterschiedliche Standpunkte. Durch unsere gemeinsame Geschichte, Kultur, Philosophie, Traditionen, Erfahrungen und Erlebnisse bekr\u00e4ftigen wir unser Zugeh\u00f6rigkeitsgef\u00fchl zum j\u00fcdischen Volk. Wir respektieren die orthodoxe und traditionelle j\u00fcdische Praxis, sind aber sicher, dass die Anpassung der Religion an die Gegenwart, die im Laufe der Geschichte des j\u00fcdischen Volkes stattgefunden hat, wichtig ist. Das Judentum zeichnete sich schon immer durch die Interpretationen aus. Wir finden, dass das Judentum unterschiedliche Ausdrucksformen hat. Tradition hat &#8222;eine Stimme, aber kein Veto&#8220;.<\/p>\n\n\n\n<div class=\"wp-block-media-text alignwide is-stacked-on-mobile\" style=\"grid-template-columns:61% auto\"><figure class=\"wp-block-media-text__media\"><img loading=\"lazy\" decoding=\"async\" width=\"1024\" height=\"633\" src=\"https:\/\/jg-michelsberg.com\/wp-content\/uploads\/2021\/07\/kaplan_teaches-early_rrc-1024x633.jpg\" alt=\"\" class=\"wp-image-879 size-full\" srcset=\"https:\/\/jg-michelsberg.com\/wp-content\/uploads\/2021\/07\/kaplan_teaches-early_rrc-1024x633.jpg 1024w, https:\/\/jg-michelsberg.com\/wp-content\/uploads\/2021\/07\/kaplan_teaches-early_rrc-300x185.jpg 300w, https:\/\/jg-michelsberg.com\/wp-content\/uploads\/2021\/07\/kaplan_teaches-early_rrc-768x475.jpg 768w, https:\/\/jg-michelsberg.com\/wp-content\/uploads\/2021\/07\/kaplan_teaches-early_rrc-1200x741.jpg 1200w, https:\/\/jg-michelsberg.com\/wp-content\/uploads\/2021\/07\/kaplan_teaches-early_rrc.jpg 1400w\" sizes=\"auto, (max-width: 1024px) 100vw, 1024px\" \/><\/figure><div class=\"wp-block-media-text__content\">\n<p class=\"has-large-font-size\">Rabbiner Mordecai M. Kaplan, der Begr\u00fcnder des Rekonstruktionismus<\/p>\n<\/div><\/div>\n\n\n\n<p>Unsere unterschiedlichen Ansichten von Gott teilen eher die Betonung der Gottseligkeit als des \u00dcbernat\u00fcrlichen. Wir sch\u00e4tzen eine Kraft im Universum, die die gesamte Sch\u00f6pfung mit einem Gef\u00fchl der Transzendenz erf\u00fcllt und uns antreibt, die Welt und uns selbst zu verbessern.<\/p>\n\n\n\n<p>Wir glauben, dass wir uns derzeit mit der Entwicklung des Judentums befassen und f\u00fcr die Gestaltung des geistigen und kulturellen Erbes verantwortlich sind, das wir zuk\u00fcnftigen Generationen hinterlassen werden.<\/p>\n\n\n\n<div class=\"wp-block-button is-style-outline is-style-outline--1\"><a class=\"wp-block-button__link\" href=\"\/index.php\/rekonstruktionistisches-judentum-ein-crashkurs\"><strong>Rekonstruktionistisches Judentum: Ein Crashkurs<\/strong><\/a><\/div>\n","protected":false},"excerpt":{"rendered":"<p>Rekonstruktionisten definieren das Judentum als eine sich entwickelnde Zivilisation, die Religion, Geschichte, Literatur, Kunst und Musik, Land und Sprache umfasst. Unsere Tradition spiegelt die Suche unserer Vorfahren nach Sinn, Zweck und Wert wider. Bei unserer eigenen Suche sind wir egalit\u00e4r, partizipativ und offen f\u00fcr unterschiedliche Standpunkte. Durch unsere gemeinsame Geschichte, Kultur, Philosophie, Traditionen, Erfahrungen und [&hellip;]<\/p>\n","protected":false},"author":4,"featured_media":524,"parent":0,"menu_order":0,"comment_status":"closed","ping_status":"closed","template":"","meta":{"activitypub_content_warning":"","activitypub_content_visibility":"","activitypub_max_image_attachments":10,"activitypub_interaction_policy_quote":"anyone","activitypub_status":"","footnotes":""},"class_list":["post-125","page","type-page","status-publish","has-post-thumbnail","hentry"],"_links":{"self":[{"href":"https:\/\/jg-michelsberg.com\/index.php\/wp-json\/wp\/v2\/pages\/125","targetHints":{"allow":["GET"]}}],"collection":[{"href":"https:\/\/jg-michelsberg.com\/index.php\/wp-json\/wp\/v2\/pages"}],"about":[{"href":"https:\/\/jg-michelsberg.com\/index.php\/wp-json\/wp\/v2\/types\/page"}],"author":[{"embeddable":true,"href":"https:\/\/jg-michelsberg.com\/index.php\/wp-json\/wp\/v2\/users\/4"}],"replies":[{"embeddable":true,"href":"https:\/\/jg-michelsberg.com\/index.php\/wp-json\/wp\/v2\/comments?post=125"}],"version-history":[{"count":7,"href":"https:\/\/jg-michelsberg.com\/index.php\/wp-json\/wp\/v2\/pages\/125\/revisions"}],"predecessor-version":[{"id":888,"href":"https:\/\/jg-michelsberg.com\/index.php\/wp-json\/wp\/v2\/pages\/125\/revisions\/888"}],"wp:featuredmedia":[{"embeddable":true,"href":"https:\/\/jg-michelsberg.com\/index.php\/wp-json\/wp\/v2\/media\/524"}],"wp:attachment":[{"href":"https:\/\/jg-michelsberg.com\/index.php\/wp-json\/wp\/v2\/media?parent=125"}],"curies":[{"name":"wp","href":"https:\/\/api.w.org\/{rel}","templated":true}]}}