{"id":6,"date":"2020-02-11T14:32:58","date_gmt":"2020-02-11T14:32:58","guid":{"rendered":"http:\/\/10.97.1.9\/?page_id=6"},"modified":"2024-03-15T08:41:15","modified_gmt":"2024-03-15T07:41:15","slug":"the-new-umoma-opens-its-doors-2","status":"publish","type":"page","link":"https:\/\/jg-michelsberg.com\/","title":{"rendered":"Willkommen &#038; Shalom!"},"content":{"rendered":"\n<div class=\"wp-block-group alignwide\"><div class=\"wp-block-group__inner-container is-layout-flow wp-block-group-is-layout-flow\">\n<h2 class=\"wp-block-heading has-text-align-center\">Progressive J\u00fcdische Gemeinde Michelsberg in Wiesbaden <\/h2>\n\n\n\n<p class=\"has-text-align-center\">Die erste rekonstruktionistische j\u00fcdische Gemeinde in Deutschland. Wir sind Mitglied bei:<\/p>\n\n\n\n<div class=\"wp-block-columns is-layout-flex wp-container-core-columns-is-layout-9d6595d7 wp-block-columns-is-layout-flex\">\n<div class=\"wp-block-column is-layout-flow wp-block-column-is-layout-flow\">\n<figure class=\"wp-block-image size-large\"><a href=\"https:\/\/www.reconstructingjudaism.org\/\"><img loading=\"lazy\" decoding=\"async\" width=\"274\" height=\"111\" src=\"https:\/\/jg-michelsberg.com\/wp-content\/uploads\/2020\/05\/pj-hg-weiss.png\" alt=\"\" class=\"wp-image-288\"\/><\/a><\/figure>\n\n\n\n<p><\/p>\n<\/div>\n\n\n\n<div class=\"wp-block-column is-layout-flow wp-block-column-is-layout-flow\">\n<figure class=\"wp-block-image size-large\"><a href=\"https:\/\/wupj.org\/\"><img loading=\"lazy\" decoding=\"async\" width=\"274\" height=\"111\" src=\"https:\/\/jg-michelsberg.com\/wp-content\/uploads\/2020\/05\/wupj-hg-weiss.png\" alt=\"\" class=\"wp-image-289\"\/><\/a><\/figure>\n<\/div>\n<\/div>\n<\/div><\/div>\n\n\n\n<div class=\"wp-block-columns alignwide is-layout-flex wp-container-core-columns-is-layout-9d6595d7 wp-block-columns-is-layout-flex\">\n<div class=\"wp-block-column is-layout-flow wp-block-column-is-layout-flow\">\n<div class=\"wp-block-group\"><div class=\"wp-block-group__inner-container is-layout-flow wp-block-group-is-layout-flow\">\n<figure class=\"wp-block-image alignfull size-large\"><img loading=\"lazy\" decoding=\"async\" width=\"1024\" height=\"681\" src=\"https:\/\/jg-michelsberg.com\/wp-content\/uploads\/2020\/05\/AboutUsPicture-1024x681.jpeg\" alt=\"\" class=\"wp-image-240\" srcset=\"https:\/\/jg-michelsberg.com\/wp-content\/uploads\/2020\/05\/AboutUsPicture-1024x681.jpeg 1024w, https:\/\/jg-michelsberg.com\/wp-content\/uploads\/2020\/05\/AboutUsPicture-300x200.jpeg 300w, https:\/\/jg-michelsberg.com\/wp-content\/uploads\/2020\/05\/AboutUsPicture-768x511.jpeg 768w, https:\/\/jg-michelsberg.com\/wp-content\/uploads\/2020\/05\/AboutUsPicture-1536x1021.jpeg 1536w, https:\/\/jg-michelsberg.com\/wp-content\/uploads\/2020\/05\/AboutUsPicture-1200x798.jpeg 1200w, https:\/\/jg-michelsberg.com\/wp-content\/uploads\/2020\/05\/AboutUsPicture.jpeg 1600w\" sizes=\"auto, (max-width: 1024px) 100vw, 1024px\" \/><\/figure>\n\n\n\n<h3 class=\"wp-block-heading\">\u00dcber uns<\/h3>\n\n\n\n<p>Unsere Geschichte in Deutschland und Wiesbaden.<\/p>\n\n\n\n<div class=\"wp-block-button is-style-outline is-style-outline--1\"><a class=\"wp-block-button__link wp-element-button\" href=\"\/index.php\/about\/\">Mehr&#8230;<\/a><\/div>\n<\/div><\/div>\n<\/div>\n\n\n\n<div class=\"wp-block-column is-layout-flow wp-block-column-is-layout-flow\">\n<div class=\"wp-block-group\"><div class=\"wp-block-group__inner-container is-layout-flow wp-block-group-is-layout-flow\">\n<figure class=\"wp-block-image alignfull size-large\"><img loading=\"lazy\" decoding=\"async\" width=\"800\" height=\"532\" src=\"https:\/\/jg-michelsberg.com\/wp-content\/uploads\/2020\/05\/2979006616_126e13ea0b_c.jpg\" alt=\"\" class=\"wp-image-237\" srcset=\"https:\/\/jg-michelsberg.com\/wp-content\/uploads\/2020\/05\/2979006616_126e13ea0b_c.jpg 800w, https:\/\/jg-michelsberg.com\/wp-content\/uploads\/2020\/05\/2979006616_126e13ea0b_c-300x200.jpg 300w, https:\/\/jg-michelsberg.com\/wp-content\/uploads\/2020\/05\/2979006616_126e13ea0b_c-768x511.jpg 768w\" sizes=\"auto, (max-width: 800px) 100vw, 800px\" \/><\/figure>\n\n\n\n<h3 class=\"wp-block-heading\">Vielfalt des Judentums<\/h3>\n\n\n\n<p>Nur die Kenntnis \u00fcber die Vielfalt des Judentums erlaubt es, eine richtige Vorstellung \u00fcber das Judentum zu entwickeln.<\/p>\n\n\n\n<div class=\"wp-block-button is-style-outline is-style-outline--2\"><a class=\"wp-block-button__link wp-element-button\" href=\"\/index.php\/vielfalt-des-judentums\/\">Mehr&#8230;<\/a><\/div>\n<\/div><\/div>\n\n\n\n<p><\/p>\n<\/div>\n\n\n\n<div class=\"wp-block-column is-layout-flow wp-block-column-is-layout-flow\">\n<figure class=\"wp-block-image size-large\"><img loading=\"lazy\" decoding=\"async\" width=\"1024\" height=\"683\" src=\"https:\/\/jg-michelsberg.com\/wp-content\/uploads\/2020\/08\/Berl202002b-1024x683.jpg\" alt=\"\" class=\"wp-image-418\" srcset=\"https:\/\/jg-michelsberg.com\/wp-content\/uploads\/2020\/08\/Berl202002b-1024x683.jpg 1024w, https:\/\/jg-michelsberg.com\/wp-content\/uploads\/2020\/08\/Berl202002b-300x200.jpg 300w, https:\/\/jg-michelsberg.com\/wp-content\/uploads\/2020\/08\/Berl202002b-768x512.jpg 768w, https:\/\/jg-michelsberg.com\/wp-content\/uploads\/2020\/08\/Berl202002b-1536x1024.jpg 1536w, https:\/\/jg-michelsberg.com\/wp-content\/uploads\/2020\/08\/Berl202002b-2048x1365.jpg 2048w, https:\/\/jg-michelsberg.com\/wp-content\/uploads\/2020\/08\/Berl202002b-1200x800.jpg 1200w, https:\/\/jg-michelsberg.com\/wp-content\/uploads\/2020\/08\/Berl202002b-1980x1320.jpg 1980w\" sizes=\"auto, (max-width: 1024px) 100vw, 1024px\" \/><\/figure>\n\n\n\n<h3 class=\"wp-block-heading\">Neuigkeiten<\/h3>\n\n\n<ul class=\"wp-block-latest-posts__list has-dates wp-block-latest-posts\"><li><a class=\"wp-block-latest-posts__post-title\" href=\"https:\/\/jg-michelsberg.com\/index.php\/2025\/09\/15\/ankuendigung-rosh-hashanah-feier-am-28-09-25\/\">Ank\u00fcndigung: Rosh HaShanah-Feier am 28.09.25<\/a><time datetime=\"2025-09-15T15:00:00+02:00\" class=\"wp-block-latest-posts__post-date\">September 15, 2025<\/time><\/li>\n<li><a class=\"wp-block-latest-posts__post-title\" href=\"https:\/\/jg-michelsberg.com\/index.php\/2024\/05\/02\/ankuendigung-dir-ins-gesicht-geschrieben-ab-05-05-24\/\">Ank\u00fcndigung: Dir ins Gesicht geschrieben ab 05.05.24<\/a><time datetime=\"2024-05-02T10:00:00+02:00\" class=\"wp-block-latest-posts__post-date\">Mai 2, 2024<\/time><\/li>\n<\/ul>\n\n\n<div class=\"wp-block-buttons is-content-justification-center is-layout-flex wp-container-core-buttons-is-layout-16018d1d wp-block-buttons-is-layout-flex\">\n<div class=\"wp-block-button is-style-outline is-style-outline--3\"><a class=\"wp-block-button__link wp-element-button\" href=\"\/index.php\/news-2\/\">MEHR&#8230;<\/a><\/div>\n<\/div>\n\n\n\n<p><\/p>\n<\/div>\n<\/div>\n\n\n\n<figure class=\"wp-block-image alignwide size-large\"><img loading=\"lazy\" decoding=\"async\" width=\"1024\" height=\"512\" src=\"http:\/\/10.97.1.9\/wp-content\/uploads\/2020\/02\/RRC-RW-0198_1-1024x512.jpg\" alt=\"\" class=\"wp-image-42\" srcset=\"https:\/\/jg-michelsberg.com\/wp-content\/uploads\/2020\/02\/RRC-RW-0198_1-1024x512.jpg 1024w, https:\/\/jg-michelsberg.com\/wp-content\/uploads\/2020\/02\/RRC-RW-0198_1-300x150.jpg 300w, https:\/\/jg-michelsberg.com\/wp-content\/uploads\/2020\/02\/RRC-RW-0198_1-768x384.jpg 768w, https:\/\/jg-michelsberg.com\/wp-content\/uploads\/2020\/02\/RRC-RW-0198_1.jpg 1036w\" sizes=\"auto, (max-width: 1024px) 100vw, 1024px\" \/><\/figure>\n\n\n\n<div class=\"wp-block-group alignwide\"><div class=\"wp-block-group__inner-container is-layout-flow wp-block-group-is-layout-flow\">\n<blockquote class=\"wp-block-quote is-style-large is-layout-flow wp-block-quote-is-layout-flow\">\n<p>Die rekonstruktionistische Str\u00f6mung versteht das Judentum als eine sich entwickelnde Zivilisation des j\u00fcdischen Volkes, die Geschichte, Religion, Bildung, Kultur, Literatur, Musik, Kunst, Land und Sprache umfasst.<\/p>\n<cite>Nach M. Kaplan<\/cite><\/blockquote>\n<\/div><\/div>\n\n\n\n<p>Seit \u00fcber 1000 Jahren ist das Judentum fester Bestandteil der deutschen und europ\u00e4ischen Geschichte, Kultur und Gesellschaft. Dabei ist Deutschland die Wiege des Reformjudentums. Hier entstand die progressive Bewegung des Judentums, die sich in der ganzen Welt verbreitete. <br>Die Weltunion der Progressiven Juden, zu der die Rekonstruktionistische Str\u00f6mung des Judentums geh\u00f6rt, ist die gr\u00f6\u00dfte j\u00fcdische Bewegung der Welt und z\u00e4hlt zurzeit mehr als 1,5 Millionen Mitglieder. <\/p>\n\n\n\n<div class=\"wp-block-group alignwide has-background\" style=\"background-color:#ffffff\"><div class=\"wp-block-group__inner-container is-layout-flow wp-block-group-is-layout-flow\">\n<div class=\"wp-block-group\"><div class=\"wp-block-group__inner-container is-layout-flow wp-block-group-is-layout-flow\">\n<h2 class=\"wp-block-heading has-text-align-center\">Neugierig?<\/h2>\n\n\n\n<p><strong>Wir sind offen f\u00fcr alle. Lassen Sie uns einander bereichern!<\/strong><\/p>\n\n\n\n<p>Lassen Sie uns zusammen vielf\u00e4ltige Perspektiven von Geschichte und Gegenwart des Judentums thematisieren, die Offenheit entwickeln, immer wieder neue Fragen zu stellen und die verschiedenen Innensichten im Judentum sowie die vielen Au\u00dfensichten auf das Judentum zu reflektieren.<\/p>\n\n\n\n<div class=\"wp-block-button aligncenter\"><a class=\"wp-block-button__link wp-element-button\" href=\"\/index.php\/mitglied-werden\/\">Mehr Informationen<\/a><\/div>\n<\/div><\/div>\n<\/div><\/div>\n\n\n\n<p><\/p>\n","protected":false},"excerpt":{"rendered":"<p>Progressive J\u00fcdische Gemeinde Michelsberg in Wiesbaden Die erste rekonstruktionistische j\u00fcdische Gemeinde in Deutschland. Wir sind Mitglied bei: \u00dcber uns Unsere Geschichte in Deutschland und Wiesbaden. Vielfalt des Judentums Nur die Kenntnis \u00fcber die Vielfalt des Judentums erlaubt es, eine richtige Vorstellung \u00fcber das Judentum zu entwickeln. Neuigkeiten Die rekonstruktionistische Str\u00f6mung versteht das Judentum als eine [&hellip;]<\/p>\n","protected":false},"author":1,"featured_media":0,"parent":0,"menu_order":0,"comment_status":"closed","ping_status":"closed","template":"","meta":{"activitypub_content_warning":"","activitypub_content_visibility":"","activitypub_max_image_attachments":10,"activitypub_interaction_policy_quote":"anyone","activitypub_status":"federate","footnotes":""},"class_list":["post-6","page","type-page","status-publish","hentry"],"_links":{"self":[{"href":"https:\/\/jg-michelsberg.com\/index.php\/wp-json\/wp\/v2\/pages\/6","targetHints":{"allow":["GET"]}}],"collection":[{"href":"https:\/\/jg-michelsberg.com\/index.php\/wp-json\/wp\/v2\/pages"}],"about":[{"href":"https:\/\/jg-michelsberg.com\/index.php\/wp-json\/wp\/v2\/types\/page"}],"author":[{"embeddable":true,"href":"https:\/\/jg-michelsberg.com\/index.php\/wp-json\/wp\/v2\/users\/1"}],"replies":[{"embeddable":true,"href":"https:\/\/jg-michelsberg.com\/index.php\/wp-json\/wp\/v2\/comments?post=6"}],"version-history":[{"count":55,"href":"https:\/\/jg-michelsberg.com\/index.php\/wp-json\/wp\/v2\/pages\/6\/revisions"}],"predecessor-version":[{"id":1185,"href":"https:\/\/jg-michelsberg.com\/index.php\/wp-json\/wp\/v2\/pages\/6\/revisions\/1185"}],"wp:attachment":[{"href":"https:\/\/jg-michelsberg.com\/index.php\/wp-json\/wp\/v2\/media?parent=6"}],"curies":[{"name":"wp","href":"https:\/\/api.w.org\/{rel}","templated":true}]}}